{"id":61,"date":"2020-01-23T18:21:52","date_gmt":"2020-01-23T18:21:52","guid":{"rendered":"https:\/\/demosites.io\/web-agency-gb\/?page_id=61"},"modified":"2021-05-05T13:37:08","modified_gmt":"2021-05-05T13:37:08","slug":"historia_missao","status":"publish","type":"page","link":"https:\/\/casafizdomundo.org\/stp\/index.php\/historia_missao\/","title":{"rendered":"Hist\u00f3ria e Miss\u00e3o"},"content":{"rendered":"\n<div class=\"wp-block-themeisle-blocks-advanced-columns alignfull has-1-columns has-desktop-equal-layout has-tablet-equal-layout has-mobile-equal-layout has-nogap-gap has-vertical-center\" id=\"wp-block-themeisle-blocks-advanced-columns-00a8bc3d\"><div class=\"wp-block-themeisle-blocks-advanced-columns-overlay\"><\/div><div class=\"innerblocks-wrap\">\n<div class=\"wp-block-themeisle-blocks-advanced-column\" id=\"wp-block-themeisle-blocks-advanced-column-a940b3ff\">\n<div style=\"height:35px\" aria-hidden=\"true\" class=\"wp-block-spacer\"><\/div>\n\n\n\n<h2 class=\"has-text-align-center\">Hist\u00f3ria e Miss\u00e3o<\/h2>\n\n\n\n<div style=\"height:42px\" aria-hidden=\"true\" class=\"wp-block-spacer\"><\/div>\n\n\n\n<div class=\"wp-block-group alignwide\"><div class=\"wp-block-group__inner-container\">\n<div class=\"wp-block-media-text alignwide is-stacked-on-mobile ticss-c152c1c8\"><figure class=\"wp-block-media-text__media\"><img loading=\"lazy\" width=\"394\" height=\"128\" src=\"https:\/\/casafizdomundo.org\/_new\/wp-content\/uploads\/2020\/07\/historia-1.jpg\" alt=\"\" class=\"wp-image-163\" srcset=\"https:\/\/casafizdomundo.org\/stp\/wp-content\/uploads\/2020\/07\/historia-1.jpg 394w, https:\/\/casafizdomundo.org\/stp\/wp-content\/uploads\/2020\/07\/historia-1-300x97.jpg 300w\" sizes=\"(max-width: 394px) 100vw, 394px\" \/><\/figure><div class=\"wp-block-media-text__content\">\n<p class=\"has-medium-font-size\">A Casa Fiz do Mundo \u2013 S\u00e3o Tom\u00e9 \u00e9 um grupo de ac\u00e7\u00e3o mission\u00e1ria das comunidades cat\u00f3licas de Carregosa, Vila Cova de Perrinho e Chave, na diocese do Porto.<\/p>\n<\/div><\/div>\n<\/div><\/div>\n\n\n\n<div style=\"height:20px\" aria-hidden=\"true\" class=\"wp-block-spacer\"><\/div>\n\n\n\n<p>Trabalhamos em total colabora\u00e7\u00e3o com as Irm\u00e3s Franciscanas Hospitaleiras da Imaculada Concei\u00e7\u00e3o da cidade de Neves em S\u00e3o Tom\u00e9 e Pr\u00edncipe.Tudo se iniciou no ano de 2007 com a desloca\u00e7\u00e3o ao terreno de cinco volunt\u00e1rios e o envio de um contentor de ajuda humanit\u00e1ria. <\/p>\n\n\n\n<p>Em 2008 regress\u00e1mos a S. Tom\u00e9, desta vez com 14 volunt\u00e1rios. Da\u00ed para a frente temos enviado ao terreno uma equipa de volunt\u00e1rios a cada dois anos. No local somos acolhidos na Miss\u00e3o das Irm\u00e3s Franciscanas na cidade das Neves, onde temos a base log\u00edstica do trabalho. Ali \u00e9 o ponto de partida para todas as ac\u00e7\u00f5es junto da popula\u00e7\u00e3o. <\/p>\n\n\n\n<p>Em Agosto de 2007, quando l\u00e1 chegamos, n\u00e3o havia cadernos escolares para o ano lectivo e o arroz tinha-se esgotado na ilha, entre muitas outras necessidades. Por isso, organizamos um contentor com apoio que levava 16 toneladas de material humanit\u00e1rio. <\/p>\n\n\n\n<p>As Irm\u00e3s Franciscanas no terreno, dividem-se em duas estruturas. Uma na cidade de S\u00e3o Tom\u00e9 e outra na cidade de Neves. Com a nossa ajuda financeira e log\u00edstica j\u00e1 se implementou uma creche, uma escola prim\u00e1ria e um jardim de inf\u00e2ncia. <\/p>\n\n\n\n<p>Ajudamos tamb\u00e9m \u00e0 manuten\u00e7\u00e3o de uma casa de costura, uma carpintaria, um lar e uma sala de inform\u00e1tica. O lema n\u00e3o \u00e9 dar por dar, mas sim ensinar. Nestas micro-estruturas produtivas e de apoio social, criaram-se mais de 120 postos de trabalho permanentes, estando a gest\u00e3o financeira a cargo das irm\u00e3s que, desta forma, contribuem \u00e0 estrutura\u00e7\u00e3o e estabilidade econ\u00f3mica familiar.<\/p>\n\n\n\n<p>O nosso trabalho abrange a assist\u00eancia m\u00e9dica directa \u00e0s zonas mais necessitadas, forma\u00e7\u00e3o de educadores de inf\u00e2ncia e lideres, apoio na carpintaria com ferramentas, forma\u00e7\u00f5es na mais diversas \u00e1reas como primeiros socorros, higiene pessoal e ambiental, inform\u00e1tica e muitas mais, dependendo dos volunt\u00e1rios que seguem para o terreno. <\/p>\n\n\n\n<p>Temos consci\u00eancia da car\u00eancia de forma\u00e7\u00e3o e alguns bens que aquele povo sente, por isso, pretendemos continuar a apoi\u00e1-los da forma que nos for poss\u00edvel, enviando bens essenciais (alimenta\u00e7\u00e3o, produtos farmac\u00eauticos e de higiene pessoal, material escolar, material para a costura, etc) e voltar a S. Tom\u00e9 com mais grupos de formadores volunt\u00e1rios.<\/p>\n<\/div>\n<\/div><\/div>\n","protected":false},"excerpt":{"rendered":"","protected":false},"author":1,"featured_media":0,"parent":0,"menu_order":0,"comment_status":"closed","ping_status":"closed","template":"","meta":{"neve_meta_sidebar":"full-width","neve_meta_container":"","neve_meta_enable_content_width":"on","neve_meta_content_width":100,"neve_meta_title_alignment":"","neve_meta_author_avatar":"","neve_post_elements_order":"","neve_meta_disable_header":"","neve_meta_disable_footer":"","neve_meta_disable_title":"on"},"_links":{"self":[{"href":"https:\/\/casafizdomundo.org\/stp\/index.php\/wp-json\/wp\/v2\/pages\/61"}],"collection":[{"href":"https:\/\/casafizdomundo.org\/stp\/index.php\/wp-json\/wp\/v2\/pages"}],"about":[{"href":"https:\/\/casafizdomundo.org\/stp\/index.php\/wp-json\/wp\/v2\/types\/page"}],"author":[{"embeddable":true,"href":"https:\/\/casafizdomundo.org\/stp\/index.php\/wp-json\/wp\/v2\/users\/1"}],"replies":[{"embeddable":true,"href":"https:\/\/casafizdomundo.org\/stp\/index.php\/wp-json\/wp\/v2\/comments?post=61"}],"version-history":[{"count":8,"href":"https:\/\/casafizdomundo.org\/stp\/index.php\/wp-json\/wp\/v2\/pages\/61\/revisions"}],"predecessor-version":[{"id":186,"href":"https:\/\/casafizdomundo.org\/stp\/index.php\/wp-json\/wp\/v2\/pages\/61\/revisions\/186"}],"wp:attachment":[{"href":"https:\/\/casafizdomundo.org\/stp\/index.php\/wp-json\/wp\/v2\/media?parent=61"}],"curies":[{"name":"wp","href":"https:\/\/api.w.org\/{rel}","templated":true}]}}